er?
False
Is (4 + -2031)*(-5 - 48) composite?
True
Let i = -55124 + 125965. Is i a composite number?
False
Let m(b) = -1584*b**2 - 5*b + 11. Let w be m(4). Let j = -14854 - w. Is j a composite number?
False
Is (204118/12*6)/1 composite?
False
Is -2*((-19)/57 + (-313375)/6) a composite number?
False
Suppose -2*t - 3*t + 15 = 0. Suppose 0 = -2*x - 21*i + 20*i + 10985, 0 = -3*i - 15. Suppose x = t*b + 2*b. Is b a composite number?
True
Let c = 48 + -48. Suppose -9*t + 4*t - 370 = c. Let w = 177 + t. Is w composite?
False
Suppose 0 = -5*p - 4*c + 1429896, -12*p + 8*p + 1143921 = -c. Is p/30 - (-1)/3 prime?
True
Let u = 42 + 280. Let s = -225 + u. Is s a prime number?
True
Let l = -38 + 42. Suppose 2*d = -l*i - 8, 3*d + 0*i + 3*i = -3. Is 42/12 - 1/d prime?
True
Let t(z) = 2*z**2 - 40*z - 27. Let s be t(21). Suppose -13*b - 27178 = -s*b. Is b composite?
True
Let m(x) = x - 1. Let p(v) be the first derivative of -13*v**2/2 - 16*v + 17. Let q(t) = -3*m(t) + p(t). Is q(-6) a composite number?
False
Let l = -14399 - -22752. Is l composite?
False
Is 2*(17 - (-1550879)/22) a composite number?
False
Suppose -c = -2*b + 1 + 12, 4*c + 12 = -2*b. Suppose -b*a + 27*a = 104857. Is a prime?
False
Let t(x) be the third derivative of 49*x**5/3 + x**4/4 + 29*x**3/6 + 14*x**2 + 3*x. Is t(-4) composite?
True
Let t(f) = 51*f**3 + 11*f**2 - 28*f - 23. Is t(17) composite?
False
Suppose 2 = 14*l - 26. Suppose -l*d - 5646 = -2*z, 5*z + d = -0*d + 14091. Is z a prime number?
True
Let i(s) = -4*s - 36. Let m be i(-10). Suppose -5*b - m*f - 10089 = -10*b, 0 = 3*b - 2*f - 6055. Is b prime?
False
Suppose j - 10 = -3. Suppose j*p - 11*p - 240 = 0. Is 3 - ((-2)/(-4))/(1/p) composite?
True
Let q(v) = 42*v**2 - 5*v + 1. Suppose 4*z + 10 = 74. Suppose 17*p - 1 = z*p. Is q(p) composite?
True
Let c = -525 + 528. Suppose 31*s + 5*m - 6462 = 29*s, c*s = 4*m + 9647. Is s prime?
True
Let n(u) = 2648*u**2 - 62*u - 183. Is n(-7) prime?
True
Let t = -53 - -60. Suppose 2*y = -1 + t. Suppose -2*z = y*z - 8845. Is z a composite number?
True
Let h be -1 - -4 - (-5 - -7). Let n be 155/(-35)*-2 + h/7. Suppose 11*o - n*o - 254 = 0. Is o prime?
True
Suppose 3*c - 23 = -38. Let f(g) = -624*g + 31. Is f(c) composite?
True
Is 5 - (12 - -3 - 110023) a composite number?
True
Let l(k) = 12*k - 51. Let q be l(4). Is (q/(-9)*1262)/((-8)/(-12)) a composite number?
False
Is (-1)/(-1) + -6 + 3 + -2 - -255 a composite number?
False
Let w = 78840 + 2884. Suppose v = 5*v - w. Is v composite?
False
Is 259394 - ((-6)/3)/((-10)/(-15)) a composite number?
False
Let l = -1977 + 3411. Let t = 4371 - l. Let z = -232 + t. Is z composite?
True
Is (69/(15/37090 - 0))/2 prime?
False
Suppose 3*t + 15 = 0, 2*x - 3*t + 741 + 336 = 0. Let h = 2530 + x. Suppose 3*p + h = 4*j, 4*j = -5*p + 2565 - 549. Is j prime?
True
Suppose -5*q - 3*i = -24 - 75, -5*i = 10. Let x = 1444 - 1433. Suppose 3190 = q*y - x*y. Is y prime?
False
Let n be (0 - 2) + (-264)/(-24). Let i(g) = 132*g + 173. Is i(n) composite?
False
Suppose -3*q - 3*m = 0, 5*q + 0*q + 10 = 5*m. Is (0/(-12) + q)*(-133 + 0) a prime number?
False
Suppose -5*z - 5*h = 5, 3*z - h = 8*z - 7. Suppose -3*w - 5909 = -z*a, a + 2*w = w + 2957. Is (2 - 1)*(1 + a) a composite number?
False
Let q(t) be the third derivative of 0 - 1/2*t**3 + t**2 - t - 607/24*t**4. Is q(-10) composite?
False
Let s = 24293 + -6017. Let g = 77 + s. Is g a composite number?
False
Suppose 0 = -5*u - 3*k + 23614, 3*u - 22*k - 14166 = -23*k. Is u a composite number?
False
Let q(h) = 83*h - 4. Let w be q(2). Suppose 0 = -167*y + w*y + 1955. Is y composite?
True
Suppose 118*z - 50485685 - 10507453 = 0. Is z a composite number?
True
Let h = 15882 + -1771. Is h a composite number?
True
Let g(k) = -k**3 - 9*k**2 - 10*k - 13. Let b be g(-8). Is 1516*b*10/40 a prime number?
False
Suppose 0 = -17*b - 4 + 38. Suppose -b*k - 2739 = -0*r - 3*r, -3*k = -r + 920. Is r a composite number?
False
Suppose -26 - 296 = -7*y. Suppose -56*v + y*v = -45470. Is v composite?
False
Suppose -226*c + 5631 = -233*c + 151154. Is c prime?
True
Let l(x) = 152*x**2 - 442*x - 293. Is l(66) a composite number?
False
Suppose 70331 = 3*z - 2*x, -4*z + 27572 = 5*x - 66241. Is z a prime number?
True
Let c(q) = q**2 - 6*q + 4. Let g be c(6). Let u be (27 - 26)/((-1)/(-1115)). Suppose -u = g*r - 9*r. Is r a composite number?
False
Let l(v) = 234*v**2 - 292*v - 137. Is l(90) a composite number?
False
Is (-8 - 1034/(-132))/(1/(-7781394)) a prime number?
True
Let r(j) = -36322*j**3 - 31*j**2 + 11*j + 23. Is r(-3) composite?
True
Suppose 337*p - 348*p + 1080409 = 0. Is p composite?
True
Let v(f) = 2186*f + 40. Let r be v(-7). Is (24/12 + r/10)*-5 a composite number?
False
Let h(l) = 47*l**2 + 6*l - 10. Let n(w) = w. Let f(u) = h(u) - 2*n(u). Suppose -5*d + 9*d - 16 = 0. Is f(d) composite?
True
Let m be 45042 + (-15 + 19 - (0 + 0)). Suppose m = -16*s + 170630. Is s composite?
True
Let f(k) = k. Let i(q) = -665*q + 51. Let l(d) = -333*d + 25. Let c(o) = 6*i(o) - 11*l(o). Let n(h) = -c(h) + f(h). Is n(6) a prime number?
False
Let z = 140 + -131. Suppose g = 4*p - z*p + 5250, 3*g = -3*p + 3162. Is p a prime number?
True
Suppose -54*q + 1391538 = -q - 2880845. Is q a composite number?
False
Let v be ((-46)/161)/(3/233947)*3. Is (-2)/(-4)*v/(-19) composite?
False
Suppose -5*i + 3094 = 4*a - 97, -i - 2*a + 637 = 0. Suppose -l = r - i, 0*l - l + 4*r = -619. Is l a prime number?
False
Let g(b) = 46135*b**2 - 583*b - 4657. Is g(-8) a prime number?
True
Let d = 190289 - 84970. Is d a prime number?
True
Let w(m) = 14136*m**3 - m**2 + m - 1. Let z be w(1). Let c = 25485 - z. Suppose 11*n = n + c. Is n a prime number?
False
Is (-6 + 4)/(-6 + (-40671220)/(-3389270) - 6) prime?
True
Let p = -104986 - -242307. Is p a composite number?
False
Let g(y) = 124*y**2 - 28*y + 52*y + 3 - 30*y. Is g(4) a composite number?
True
Let m(t) = 100*t**2 + 28*t - 20. Let u(g) = 50*g**2 + 14*g - 11. Let k(d) = 6*m(d) - 11*u(d). Is k(-10) composite?
False
Suppose 2*a + 2038206 = 2*k, -1019095 = -10*k + 9*k - 3*a. Suppose 41*m + 6*m = k. Is m a prime number?
True
Suppose -3*t + 7*t - 429437 + 1561 = 0. Is t prime?
False
Suppose 3*j = 2*x - 368608, 4*j = x + 47980 - 232269. Is x composite?
True
Let o = 7558 - -2591. Suppose 25*l - o - 88801 = 0. Is l composite?
True
Let h(d) = 3591*d**3 - 5*d**2 - d + 3. Is h(2) a prime number?
False
Let p(g) = -11*g**3 + 12*g**2 - 21*g + 28. Let z be p(-16). Suppose -k + 0*s - 9697 = s, 0 = -5*k + 2*s - z. Let j = 14401 + k. Is j composite?
False
Let l(g) = -9*g**3 + 9*g**2 + 7*g + 33. Let h be l(8). Let u = h - -11810. Is u a prime number?
True
Suppose -9*p = -23*p + 50456. Let x = 6615 - p. Is x composite?
False
Suppose s + 2*s + 24 = 0. Let r be -2 - (s/(-2))/(-2). Suppose 5*a - 5047 - 198 = r. Is a a prime number?
True
Let x(d) = d**2 - 7*d - 9. Let o be x(9). Let h(c) = 11*c + 33*c + 26 + 4*c + 23. Is h(o) composite?
True
Let t = -40 - -44. Suppose 0 = 5*r - t*r - 2647. Is r a prime number?
True
Let a be 20/3 - (-6)/(-9). Suppose -5*y - a = -8*y. Suppose -y*l + 0*s + 5*s + 288 = 0, -292 = -2*l + 3*s. Is l a composite number?
False
Suppose 5*w - 5*s = 8045, -4*w - 3*s + 2326 + 4110 = 0. Let z be 883*(-1 - -5) - 0. Let u = z - w. Is u prime?
False
Let x(f) be the third derivative of -149*f**4/24 - 151*f**3/6 + 114*f**2. Is x(-8) a prime number?
False
Suppose -2*k + 5*p + 8 = -3*k, -5*p - 10 = 0. Suppose 5*y + 6517 = 2*l + k*l, -5*l - 5*y = -8180. Is l composite?
True
Let i = 7 - -6. Suppose -27*g + 24654 = -i*g. Is g prime?
False
Let b = 32941 - 61293. Is 9*2/(-6) - b a prime number?
True
Let s(n) = -3*n**3 + 7*n**2 - 11*n - 24. Let h be s(6). Let c = h + 1040. Is c a prime number?
False
Suppose 4*w - 2*a - 732942 = 0, 2*a = 147*w - 144*w - 549709. Is w composite?
True
Let l = -631744 + 928665. Is l a prime number?
True
Let x be ((-4)/5)/(((-33)/3750)/11). Let n = -557 + x. Is n a prime number?
True
Let i be ((-91)/(-4) - (-10)/8) + 2. Let l(s) = 285*s + 251. Is l(i) prime?
False
Suppose -3*j + 369 = 6*j. Suppose 12*d = j*d - 13862. Is d a composite number?
True
Let u = -415 - -570. Let s = u - 13. Is s prime?
False
Let x be 8/(-72) - 178/18. Let v(m) = -3*m + 1. Let r be v(-1). Is ((-17)/r)/((-12)/(-24))*x a composite number?
True
Let t(f) = 5875*f